{"id":21096,"date":"2025-09-01T16:09:32","date_gmt":"2025-09-01T14:09:32","guid":{"rendered":"https:\/\/silla.industries\/docs\/my-silla-cloud-icona-pannelli-illuminata\/"},"modified":"2025-09-01T16:27:28","modified_gmt":"2025-09-01T14:27:28","password":"","slug":"my-silla-cloud-icona-pannelli-illuminata","status":"publish","type":"docs","link":"https:\/\/silla.industries\/fr\/docs\/my-silla-cloud-icona-pannelli-illuminata\/","title":{"rendered":"Je n&rsquo;ai pas de photovolta\u00efque mais sur MySilla l&rsquo;ic\u00f4ne du panneau est allum\u00e9e. Pourquoi ?"},"content":{"rendered":"\n<p>Le probl\u00e8me se pose d\u00e8s qu&rsquo;une session de charge avec <strong>autoconsommation <\/strong> est effectu\u00e9e au moins une fois (ou s&rsquo;il y a une session d&rsquo;autoconsommation en cours).<\/p>\n\n<p>Il s&rsquo;agit souvent d&rsquo;un <strong>capteur invers\u00e9<\/strong>. D&rsquo;autres fois, c&rsquo;est parce que Prism reste <strong>d\u00e9connect\u00e9 <\/strong>pendant une longue p\u00e9riode. <\/p>\n\n<p>V\u00e9rifier que le capteur a \u00e9t\u00e9 install\u00e9 correctement.<\/p>\n","protected":false},"excerpt":{"rendered":"<p>Les raisons pour lesquelles, malgr\u00e9 l&rsquo;absence de photovolta\u00efque sur My.Silla, l&rsquo;ic\u00f4ne du panneau est allum\u00e9e.<\/p>\n","protected":false},"author":34,"featured_media":0,"comment_status":"closed","ping_status":"closed","template":"","meta":{"_uag_custom_page_level_css":"","footnotes":""},"doc_category":[1674],"doc_tag":[1771,1676,1782,1707],"class_list":["post-21096","docs","type-docs","status-publish","hentry","doc_category-nuage-my-silla","doc_tag-faq-fr","doc_tag-my-silla-fr","doc_tag-panneaux","doc_tag-photovoltaique"],"year_month":"2026-04","word_count":58,"total_views":0,"reactions":{"happy":0,"normal":0,"sad":0},"author_info":{"name":"veroweb","author_nicename":"veroweb","author_url":"https:\/\/silla.industries\/fr\/author\/veroweb\/"},"doc_category_info":[{"term_name":"Nuage My.Silla","term_url":"https:\/\/silla.industries\/fr\/docs-category\/nuage-my-silla\/"}],"doc_tag_info":[{"term_name":"Faq","term_url":"https:\/\/silla.industries\/fr\/docs-tag\/faq-fr\/"},{"term_name":"My.Silla","term_url":"https:\/\/silla.industries\/fr\/docs-tag\/my-silla-fr\/"},{"term_name":"Panneaux","term_url":"https:\/\/silla.industries\/fr\/docs-tag\/panneaux\/"},{"term_name":"Photovolta\u00efque","term_url":"https:\/\/silla.industries\/fr\/docs-tag\/photovoltaique\/"}],"uagb_featured_image_src":{"full":false,"thumbnail":false,"medium":false,"medium_large":false,"large":false,"1536x1536":false,"2048x2048":false,"betterdocs-category-thumb":false,"post-thumbnail":false,"twentytwenty-fullscreen":false,"mailpoet_newsletter_max":false,"menu-26x26":false,"menu-36x36":false,"menu-48x48":false,"woocommerce_thumbnail":false,"woocommerce_single":false,"woocommerce_gallery_thumbnail":false},"uagb_author_info":{"display_name":"veroweb","author_link":"https:\/\/silla.industries\/fr\/author\/veroweb\/"},"uagb_comment_info":0,"uagb_excerpt":"Les raisons pour lesquelles, malgr\u00e9 l'absence de photovolta\u00efque sur My.Silla, l'ic\u00f4ne du panneau est allum\u00e9e.","knowledge_base_info":[],"knowledge_base_slug":[],"_links":{"self":[{"href":"https:\/\/silla.industries\/fr\/wp-json\/wp\/v2\/docs\/21096","targetHints":{"allow":["GET"]}}],"collection":[{"href":"https:\/\/silla.industries\/fr\/wp-json\/wp\/v2\/docs"}],"about":[{"href":"https:\/\/silla.industries\/fr\/wp-json\/wp\/v2\/types\/docs"}],"author":[{"embeddable":true,"href":"https:\/\/silla.industries\/fr\/wp-json\/wp\/v2\/users\/34"}],"replies":[{"embeddable":true,"href":"https:\/\/silla.industries\/fr\/wp-json\/wp\/v2\/comments?post=21096"}],"version-history":[{"count":0,"href":"https:\/\/silla.industries\/fr\/wp-json\/wp\/v2\/docs\/21096\/revisions"}],"wp:attachment":[{"href":"https:\/\/silla.industries\/fr\/wp-json\/wp\/v2\/media?parent=21096"}],"wp:term":[{"taxonomy":"doc_category","embeddable":true,"href":"https:\/\/silla.industries\/fr\/wp-json\/wp\/v2\/doc_category?post=21096"},{"taxonomy":"doc_tag","embeddable":true,"href":"https:\/\/silla.industries\/fr\/wp-json\/wp\/v2\/doc_tag?post=21096"}],"curies":[{"name":"wp","href":"https:\/\/api.w.org\/{rel}","templated":true}]}}

Je n&rsquo;ai pas de photovoltaïque mais sur MySilla l&rsquo;icône du panneau est allumée. Pourquoi ?

<p>Le problème se pose dès qu&rsquo;une session de charge avec <strong>autoconsommation </strong> est effectuée au moins une fois (ou s&rsquo;il y a une session d&rsquo;autoconsommation en cours).</p>

<p>Il s&rsquo;agit souvent d&rsquo;un <strong>capteur inversé</strong>. D&rsquo;autres fois, c&rsquo;est parce que Prism reste <strong>déconnecté </strong>pendant une longue période. </p>

<p>Vérifier que le capteur a été installé correctement.</p>

<p>Les raisons pour lesquelles, malgré l&rsquo;absence de photovoltaïque sur My.Silla, l&rsquo;icône du panneau est allumée.</p>

Photovoltaïque

Les raisons pour lesquelles, malgré l'absence de photovoltaïque sur My.Silla, l'icône du panneau est allumée.
