{"id":15447,"date":"2023-06-15T13:16:37","date_gmt":"2023-06-15T11:16:37","guid":{"rendered":"https:\/\/silla.industries\/emballage-di-prisme\/"},"modified":"2023-06-16T15:50:50","modified_gmt":"2023-06-16T13:50:50","slug":"emballage-de-prism","status":"publish","type":"page","link":"https:\/\/silla.industries\/fr\/emballage-de-prism\/","title":{"rendered":"Plus durable, \u00e0 commencer par l&#8217;emballage de Prism"},"content":{"rendered":"\n<div style=\"height:50px\" aria-hidden=\"true\" class=\"wp-block-spacer\"><\/div>\n\n\n\n<h3 class=\"wp-block-heading\">Un choix proche de nos valeurs. L&rsquo;engagement en faveur de l&rsquo;innovation passe aussi par l\u00e0<\/h3>\n\n\n\n<p>Par rapport aux premi\u00e8res livraisons, \u00e0 l&rsquo;\u00e9poque o\u00f9 Silla Industries devenait une r\u00e9alit\u00e9 et o\u00f9 les premi\u00e8res commandes parvenaient aux clients, l&#8217;emballage qui contient chaque produit de la gamme <a href=\"https:\/\/silla.industries\/fr\/catalogue\" target=\"_blank\" data-type=\"URL\" data-id=\"https:\/\/silla.industries\/fr\/catalogue\" rel=\"noreferrer noopener\">Prism<\/a> a \u00e9volu\u00e9.<\/p>\n\n\n\n<p>D\u2019autre part, stimuler la consommation et l\u2019utilisation d\u2019emballages de plus en plus plus \u00e9cologiques est l\u2019un des objectifs de l\u2019Europe dans le cadre du Green Deal.<\/p>\n\n\n\n<p><a href=\"https:\/\/ec.europa.eu\/commission\/presscorner\/Proposal%20for%20a%20revision%20of%20EU%20legislation%20on%20Packaging%20and%20Packaging%20Waste\" target=\"_blank\" rel=\"noreferrer noopener\">La proposition de r\u00e9vision de la l\u00e9gislation europ\u00e9enne sur les emballages et les d\u00e9chets d&#8217;emballages<\/a> a trois objectifs principaux :<\/p>\n\n\n\n<ul class=\"wp-block-list\">\n<li>pr\u00e9venir la production de d\u00e9chets d&#8217;emballage et en r\u00e9duire la quantit\u00e9 ;<\/li>\n\n\n\n<li>rendre tous les emballages pr\u00e9sents sur le march\u00e9 de l&rsquo;UE recyclables d&rsquo;une mani\u00e8re \u00e9conomiquement durable d&rsquo;ici \u00e0 2030 ;<\/li>\n\n\n\n<li>r\u00e9duire les besoins en ressources naturelles primaires et cr\u00e9er un march\u00e9 performant pour les mati\u00e8res premi\u00e8res secondaires en augmentant l&rsquo;utilisation de plastiques recycl\u00e9s dans les emballages.<\/li>\n<\/ul>\n\n\n\n<p>Mais au-del\u00e0 de la mise en conformit\u00e9 avec la r\u00e9glementation europ\u00e9enne, c&rsquo;est bien s\u00fbr l&rsquo;impact positif que ce changement de rythme peut avoir sur notre Plan\u00e8te qui est prioritaire.<\/p>\n\n\n\n<p>Cet aspect, pour des entreprises comme Silla Industries, qui travaillent \u00e0 soutenir la transition, occupe une place prioritaire sur l&rsquo;\u00e9chelle de nos valeurs.<\/p>\n\n\n\n<figure class=\"wp-block-image size-full\"><img decoding=\"async\" src=\"https:\/\/silla.industries\/wp-content\/uploads\/2023\/06\/IMG-page_durabilite_1024x576-FR.png\" alt=\"Prism est d\u00e9sormais conditionn\u00e9 dans un emballage \u00e9co-durable  \" class=\"wp-image-15409\"\/><\/figure>\n\n\n\n<h4 class=\"wp-block-heading\">L&#8217;emballage de Prism : faible impact, plusieurs avantages pour l&rsquo;environnement<\/h4>\n\n\n\n<p>Quels sont les avantages d&rsquo;un choix diff\u00e9rent d&#8217;emballage et de conditionnement ? La r\u00e9ponse est plus d&rsquo;un !<\/p>\n\n\n\n<p>En ce qui nous concerne, le passage \u00e0 des emballages plus conformes aux objectifs de l&rsquo;UE, c&rsquo;est-\u00e0-dire des emballages \u00e0 faible impact et plus respectueux de l&rsquo;environnement, a eu plusieurs effets positifs.<\/p>\n\n\n\n<h4 class=\"wp-block-heading\">Faciliter le recyclage<\/h4>\n\n\n\n<p>La mati\u00e8re premi\u00e8re qui compose le nouvel emballage Prism facilite le recyclage, car elle \u00e9limine les composants plastifi\u00e9s de l&#8217;emballage.<\/p>\n\n\n\n<h4 class=\"wp-block-heading\"><strong>Consommation limit\u00e9e de mati\u00e8res premi\u00e8res<\/strong><\/h4>\n\n\n\n<p>Par rapport \u00e0 la solution pr\u00e9c\u00e9dente, nous avons pu r\u00e9duire le volume d&#8217;emballage de 42 % avec le nouvel emballage Prism.<\/p>\n\n\n\n<h4 class=\"wp-block-heading\">Poids r\u00e9duit<\/h4>\n\n\n\n<p>La r\u00e9duction de poids qui en r\u00e9sulte nous a permis de passer d&rsquo;un emballage de 9 kg \u00e0 un emballage de 7 kg, produit compris. Cela permet non seulement d&rsquo;all\u00e9ger les rayonnages, mais aussi de r\u00e9duire consid\u00e9rablement les d\u00e9chets et les co\u00fbts \u00e9nerg\u00e9tiques pendant le transport.<\/p>\n\n\n\n<p><\/p>\n","protected":false},"excerpt":{"rendered":"<p>Faciliter le recyclage, limiter la consommation de mati\u00e8res premi\u00e8res et r\u00e9duire le poids sont quelques-uns des effets positifs d&rsquo;un changement d&#8217;emballage vers un choix plus respectueux de l&rsquo;environnement. Qu&rsquo;est-ce qui a chang\u00e9 dans l&#8217;emballage de Prism ?  <\/p>\n","protected":false},"author":23,"featured_media":15408,"parent":0,"menu_order":0,"comment_status":"closed","ping_status":"closed","template":"templates\/template-cover.php","meta":{"_uag_custom_page_level_css":"","footnotes":""},"class_list":["post-15447","page","type-page","status-publish","has-post-thumbnail","hentry"],"uagb_featured_image_src":{"full":["https:\/\/silla.industries\/wp-content\/uploads\/2023\/06\/IMG-cover_sostenibilita_1920x1080.jpg",1936,1080,false],"thumbnail":["https:\/\/silla.industries\/wp-content\/uploads\/2023\/06\/IMG-cover_sostenibilita_1920x1080-150x150.jpg",150,150,true],"medium":["https:\/\/silla.industries\/wp-content\/uploads\/2023\/06\/IMG-cover_sostenibilita_1920x1080-300x167.jpg",300,167,true],"medium_large":["https:\/\/silla.industries\/wp-content\/uploads\/2023\/06\/IMG-cover_sostenibilita_1920x1080-768x428.jpg",700,390,true],"large":["https:\/\/silla.industries\/wp-content\/uploads\/2023\/06\/IMG-cover_sostenibilita_1920x1080-1024x571.jpg",700,390,true],"1536x1536":["https:\/\/silla.industries\/wp-content\/uploads\/2023\/06\/IMG-cover_sostenibilita_1920x1080-1536x857.jpg",1536,857,true],"2048x2048":["https:\/\/silla.industries\/wp-content\/uploads\/2023\/06\/IMG-cover_sostenibilita_1920x1080.jpg",1936,1080,false],"betterdocs-category-thumb":["https:\/\/silla.industries\/wp-content\/uploads\/2023\/06\/IMG-cover_sostenibilita_1920x1080-360x201.jpg",360,201,true],"post-thumbnail":["https:\/\/silla.industries\/wp-content\/uploads\/2023\/06\/IMG-cover_sostenibilita_1920x1080-1200x669.jpg",1200,669,true],"twentytwenty-fullscreen":["https:\/\/silla.industries\/wp-content\/uploads\/2023\/06\/IMG-cover_sostenibilita_1920x1080.jpg",1936,1080,false],"mailpoet_newsletter_max":["https:\/\/silla.industries\/wp-content\/uploads\/2023\/06\/IMG-cover_sostenibilita_1920x1080-1320x736.jpg",1320,736,true],"menu-26x26":["https:\/\/silla.industries\/wp-content\/uploads\/2023\/06\/IMG-cover_sostenibilita_1920x1080.jpg",26,15,false],"menu-36x36":["https:\/\/silla.industries\/wp-content\/uploads\/2023\/06\/IMG-cover_sostenibilita_1920x1080.jpg",36,20,false],"menu-48x48":["https:\/\/silla.industries\/wp-content\/uploads\/2023\/06\/IMG-cover_sostenibilita_1920x1080.jpg",48,27,false],"woocommerce_thumbnail":["https:\/\/silla.industries\/wp-content\/uploads\/2023\/06\/IMG-cover_sostenibilita_1920x1080-450x450.jpg",450,450,true],"woocommerce_single":["https:\/\/silla.industries\/wp-content\/uploads\/2023\/06\/IMG-cover_sostenibilita_1920x1080-600x335.jpg",600,335,true],"woocommerce_gallery_thumbnail":["https:\/\/silla.industries\/wp-content\/uploads\/2023\/06\/IMG-cover_sostenibilita_1920x1080-100x100.jpg",100,100,true]},"uagb_author_info":{"display_name":"Valentina De Simone","author_link":"https:\/\/silla.industries\/fr\/author\/valentina\/"},"uagb_comment_info":0,"uagb_excerpt":"Faciliter le recyclage, limiter la consommation de mati\u00e8res premi\u00e8res et r\u00e9duire le poids sont quelques-uns des effets positifs d'un changement d'emballage vers un choix plus respectueux de l'environnement. Qu'est-ce qui a chang\u00e9 dans l'emballage de Prism ?","_links":{"self":[{"href":"https:\/\/silla.industries\/fr\/wp-json\/wp\/v2\/pages\/15447","targetHints":{"allow":["GET"]}}],"collection":[{"href":"https:\/\/silla.industries\/fr\/wp-json\/wp\/v2\/pages"}],"about":[{"href":"https:\/\/silla.industries\/fr\/wp-json\/wp\/v2\/types\/page"}],"author":[{"embeddable":true,"href":"https:\/\/silla.industries\/fr\/wp-json\/wp\/v2\/users\/23"}],"replies":[{"embeddable":true,"href":"https:\/\/silla.industries\/fr\/wp-json\/wp\/v2\/comments?post=15447"}],"version-history":[{"count":0,"href":"https:\/\/silla.industries\/fr\/wp-json\/wp\/v2\/pages\/15447\/revisions"}],"wp:featuredmedia":[{"embeddable":true,"href":"https:\/\/silla.industries\/fr\/wp-json\/wp\/v2\/media\/15408"}],"wp:attachment":[{"href":"https:\/\/silla.industries\/fr\/wp-json\/wp\/v2\/media?parent=15447"}],"curies":[{"name":"wp","href":"https:\/\/api.w.org\/{rel}","templated":true}]}}

Plus durable, à commencer par l&#8217;emballage de Prism

<div style="height:50px" aria-hidden="true" class="wp-block-spacer"></div>



<h3 class="wp-block-heading">Un choix proche de nos valeurs. L&rsquo;engagement en faveur de l&rsquo;innovation passe aussi par là</h3>



<p>Par rapport aux premières livraisons, à l&rsquo;époque où Silla Industries devenait une réalité et où les premières commandes parvenaient aux clients, l&#8217;emballage qui contient chaque produit de la gamme <a href="https://silla.industries/fr/catalogue" target="_blank" data-type="URL" data-id="https://silla.industries/fr/catalogue" rel="noreferrer noopener">Prism</a> a évolué.</p>



<p>D’autre part, stimuler la consommation et l’utilisation d’emballages de plus en plus plus écologiques est l’un des objectifs de l’Europe dans le cadre du Green Deal.</p>



<p><a href="https://ec.europa.eu/commission/presscorner/Proposal%20for%20a%20revision%20of%20EU%20legislation%20on%20Packaging%20and%20Packaging%20Waste" target="_blank" rel="noreferrer noopener">La proposition de révision de la législation européenne sur les emballages et les déchets d&#8217;emballages</a> a trois objectifs principaux :</p>



<ul class="wp-block-list">
<li>prévenir la production de déchets d&#8217;emballage et en réduire la quantité ;</li>



<li>rendre tous les emballages présents sur le marché de l&rsquo;UE recyclables d&rsquo;une manière économiquement durable d&rsquo;ici à 2030 ;</li>



<li>réduire les besoins en ressources naturelles primaires et créer un marché performant pour les matières premières secondaires en augmentant l&rsquo;utilisation de plastiques recyclés dans les emballages.</li>
</ul>



<p>Mais au-delà de la mise en conformité avec la réglementation européenne, c&rsquo;est bien sûr l&rsquo;impact positif que ce changement de rythme peut avoir sur notre Planète qui est prioritaire.</p>



<p>Cet aspect, pour des entreprises comme Silla Industries, qui travaillent à soutenir la transition, occupe une place prioritaire sur l&rsquo;échelle de nos valeurs.</p>



<figure class="wp-block-image size-full"><img decoding="async" src="https://silla.industries/wp-content/uploads/2023/06/IMG-page_durabilite_1024x576-FR.png" alt="Prism est désormais conditionné dans un emballage éco-durable  " class="wp-image-15409"/></figure>



<h4 class="wp-block-heading">L&#8217;emballage de Prism : faible impact, plusieurs avantages pour l&rsquo;environnement</h4>



<p>Quels sont les avantages d&rsquo;un choix différent d&#8217;emballage et de conditionnement ? La réponse est plus d&rsquo;un !</p>



<p>En ce qui nous concerne, le passage à des emballages plus conformes aux objectifs de l&rsquo;UE, c&rsquo;est-à-dire des emballages à faible impact et plus respectueux de l&rsquo;environnement, a eu plusieurs effets positifs.</p>



<h4 class="wp-block-heading">Faciliter le recyclage</h4>



<p>La matière première qui compose le nouvel emballage Prism facilite le recyclage, car elle élimine les composants plastifiés de l&#8217;emballage.</p>



<h4 class="wp-block-heading"><strong>Consommation limitée de matières premières</strong></h4>



<p>Par rapport à la solution précédente, nous avons pu réduire le volume d&#8217;emballage de 42 % avec le nouvel emballage Prism.</p>



<h4 class="wp-block-heading">Poids réduit</h4>



<p>La réduction de poids qui en résulte nous a permis de passer d&rsquo;un emballage de 9 kg à un emballage de 7 kg, produit compris. Cela permet non seulement d&rsquo;alléger les rayonnages, mais aussi de réduire considérablement les déchets et les coûts énergétiques pendant le transport.</p>



<p></p>

<p>Faciliter le recyclage, limiter la consommation de matières premières et réduire le poids sont quelques-uns des effets positifs d&rsquo;un changement d&#8217;emballage vers un choix plus respectueux de l&rsquo;environnement. Qu&rsquo;est-ce qui a changé dans l&#8217;emballage de Prism ?  </p>

Faciliter le recyclage, limiter la consommation de matières premières et réduire le poids sont quelques-uns des effets positifs d'un changement d'emballage vers un choix plus respectueux de l'environnement. Qu'est-ce qui a changé dans l'emballage de Prism ?
